 the greatest common divisor of 81 and 657.
9
What is the greatest common factor of 16 and 26?
2
What is the highest common factor of 50 and 80?
10
Calculate the greatest common divisor of 3820 and 20.
20
What is the highest common factor of 455 and 105?
35
Calculate the highest common divisor of 352 and 198.
22
Calculate the highest common factor of 255 and 90.
15
Calculate the highest common factor of 17 and 3791.
17
What is the highest common factor of 2736 and 12?
12
Calculate the greatest common factor of 10350 and 270.
90
Calculate the greatest common factor of 68 and 4.
4
Calculate the greatest common divisor of 1246 and 178.
178
What is the greatest common divisor of 675 and 34200?
225
What is the greatest common factor of 1 and 7?
1
Calculate the greatest common divisor of 203 and 7.
7
Calculate the highest common factor of 459 and 243.
27
Calculate the greatest common divisor of 1128 and 12.
12
What is the greatest common factor of 154 and 143?
11
What is the greatest common divisor of 88 and 8?
8
What is the greatest common divisor of 16 and 128?
16
What is the greatest common divisor of 68 and 2482?
34
Calculate the greatest common factor of 1131 and 312.
39
Calculate the greatest common divisor of 43 and 13459.
43
What is the highest common factor of 51 and 9?
3
What is the highest common divisor of 60 and 96?
12
What is the greatest common divisor of 11875 and 95?
95
What is the highest common factor of 26 and 832?
26
What is the greatest common factor of 679 and 194?
97
What is the highest common factor of 872 and 432?
8
What is the highest common divisor of 22 and 209?
11
Calculate the highest common factor of 7 and 749.
7
What is the greatest common factor of 39725 and 175?
175
Calculate the highest common divisor of 32 and 112.
16
Calculate the greatest common factor of 531 and 118.
59
What is the highest common factor of 232 and 29?
29
What is the highest common divisor of 1128 and 48?
24
Calculate the greatest common divisor of 290 and 10.
10
Calculate the greatest common divisor of 476 and 196.
28
What is the highest common factor of 1020 and 720?
60
Calculate the highest common factor of 33 and 1133.
11
What is the greatest common factor of 288 and 27?
9
Calculate the greatest common divisor of 1768 and 34.
34
What is the highest common factor of 210 and 153?
3
What is the greatest common factor of 189 and 441?
63
What is the greatest common factor of 4086 and 342?
18
What is the greatest common divisor of 66 and 3993?
33
Calculate the greatest common divisor of 1544 and 8.
8
What is the greatest common factor of 272 and 306?
34
Calculate the highest common divisor of 72 and 243.
9
Calculate the greatest common divisor of 72 and 132.
12
Calculate the highest common divisor of 78 and 60.
6
What is the greatest common factor of 32 and 328?
8
Calculate the greatest common factor of 20 and 8.
4
What is the greatest common factor of 1216 and 5092?
76
What is the greatest common factor of 6 and 2427?
3
Calculate the greatest common divisor of 231 and 1463.
77
What is the greatest common divisor of 77 and 168?
7
Calculate the highest common divisor of 89 and 1157.
89
Calculate the greatest common factor of 1804 and 44.
44
What is the greatest common factor of 2160 and 4?
4
What is the greatest common factor of 68 and 170?
34
Calculate the greatest common factor of 3105 and 230.
115
Calculate the greatest common divisor of 136 and 4.
4
What is the highest common divisor of 56 and 4760?
56
What is the greatest common factor of 135 and 9855?
135
Calculate the highest common factor of 810 and 210.
30
What is the greatest common factor of 429 and 33?
33
Calculate the highest common factor of 391 and 85.
17
Calculate the greatest common factor of 5496 and 24.
24
Calculate the highest common divisor of 504 and 90.
18
Calculate the highest common divisor of 18 and 3006.
18
What is the highest common divisor of 8 and 5064?
8
Calculate the highest common divisor of 39 and 21.
3
What is the highest common divisor of 2366 and 154?
14
Calculate the highest common divisor of 64 and 4064.
32
Calculate the greatest common factor of 672 and 1152.
96
Calculate the greatest common divisor of 2240 and 700.
140
What is the greatest common divisor of 24 and 2628?
12
What is the greatest common factor of 3241 and 7?
7
Calculate the highest common factor of 5046 and 348.
174
What is the highest common divisor of 13 and 1391?
13
Calculate the greatest common divisor of 54 and 4626.
18
Calculate the greatest common factor of 56 and 1400.
56
What is the greatest common divisor of 295 and 5?
5
Calculate the greatest common factor of 1880 and 80.
40
Calculate the greatest common factor of 2189 and 11.
11
Calculate the greatest common divisor of 2 and 718.
2
Calculate the greatest common divisor of 2925 and 80.
5
Calculate the greatest common factor of 5829 and 804.
201
What is the highest common factor of 3 and 9?
3
What is the greatest common divisor of 1 and 19?
1
Calculate the highest common divisor of 31 and 11191.
31
What is the greatest common factor of 394 and 2?
2
Calculate the greatest common factor of 31 and 21080.
31
What is the greatest common factor of 2904 and 33?
33
Calculate the highest common divisor of 18 and 48.
6
What is the greatest common divisor of 704 and 832?
64
What is the greatest common divisor of 4972 and 22?
22
What is the highest common divisor of 24 and 3552?
24
Calculate the highest common divisor of 220 and 80.
20
What is the highest common divisor of 28 and 196?
28
Calculate the highest common divisor of 232 and 392.
8
Calculate the highest common divisor of 182 and 78.
26
What is the greatest common divisor of 144 and 304?
16
What is the greatest common divisor of 11 and 3751?
11
What is the highest common divisor of 726 and 294?
6
What is the greatest common factor of 120 and 540?
60
What is the highest common divisor of 1180 and 40?
20
Calculate the highest common factor of 2752 and 64.
64
What is the greatest common divisor of 400 and 112?
16
Calculate the greatest common divisor of 75 and 12.
3
What is the highest common divisor of 88 and 44?
44
What is the greatest common divisor of 464 and 40?
8
Calculate the highest common divisor of 45 and 360.
45
Calculate the highest common divisor of 7 and 9.
1
What is the highest common factor of 72 and 126?
18
What is the highest common divisor of 46 and 161?
23
Calculate the highest common factor of 49 and 413.
7
Calculate the greatest common divisor of 210 and 315.
105
What is the greatest common factor of 725 and 174?
29
Calculate the greatest common divisor of 29143 and 151.
151
Calculate the highest common divisor of 11 and 5.
1
Calculate the greatest common factor of 2751 and 63.
21
Calculate the highest common divisor of 492 and 861.
123
What is the highest common divisor of 221 and 117?
13
Calculate the highest common factor of 819 and 26.
13
What is the greatest common divisor of 33 and 143?
11
What is the greatest common divisor of 962 and 78?
26
Calculate the highest common factor of 125 and 50750.
125
What is the greatest common factor of 11 and 9416?
11
Calculate the greatest common divisor of 386 and 19879.
193
What is the greatest common factor of 556 and 16958?
278
What is the highest common divisor of 2163 and 63?
21
What is the highest common divisor of 36 and 2100?
12
What is the greatest common divisor of 27 and 621?
27
What is the highest common divisor of 59401 and 382?
191
What is the greatest common divisor of 182 and 130?
26
Calculate the greatest common divisor of 70 and 120.
10
What is the greatest common divisor of 2030 and 6670?
290
Calculate the highest common factor of 88 and 16.
8
What is the greatest common divisor of 12 and 164?
4
Calculate the greatest common factor of 128 and 40.
8
Calculate the greatest common factor of 4 and 70.
2
Calculate the greatest common divisor of 312 and 48.
24
What is the greatest common factor of 658 and 28?
14
What is the greatest common divisor of 76 and 9082?
38
What is the highest common factor of 230 and 445?
5
What is the greatest common divisor of 22 and 3641?
11
What is the greatest common divisor of 430 and 1376?
86
Calculate the highest common factor of 84 and 637.
7
Calculate the greatest common 